6 - s. List the prime factors of a.
11
Suppose 15*h - 2801 = 13*h + 3*q, -4*q + 2836 = 2*h. List the prime factors of h.
2, 11
Let v(z) be the first derivative of 4*z**3/3 + 9*z**2 - 5*z - 26. What are the prime factors of v(-13)?
19, 23
Suppose -16*t + 3 = -45. Suppose -5*l + 3*s + 679 = 0, -t*l = 2*s - 48 - 348. List the prime factors of l.
2, 67
Suppose -2*z = z - 2*k - 3343, -3*k + 4480 = 4*z. Suppose 2*r - z = -303. List the prime factors of r.
11, 37
Suppose 3*j - j - 12 = 0. Let w(m) = 2*m**2 - 38*m + 2. Let i be w(-11). List the prime factors of i/14 - j/21.
47
Let i(v) = -2*v**3 - 15*v**2 + v**3 + 5 + 41*v**2 - 18*v**2 - 12*v. Let f be i(5). Suppose 5*k = f, k = -5*l + 2*k + 691. What are the prime factors of l?
139
Suppose 79063 = 5*p + t + 2*t, 0 = -p + 3*t + 15809. Suppose -5222 = -26*v + p. What are the prime factors of v?
809
Let k(r) = r**2 + 15*r + 29. Let x be k(-15). Suppose -76 = -4*b - 4*a, -2*a - 38 = -5*b + x. Suppose 4*u - 543 = -b. List the prime factors of u.
2, 3, 11
Suppose -z + 8*a = 5*a + 323, 2*z + 5*a + 701 = 0. Let r be (-58)/(1 - 30/34). Let j = z - r. What are the prime factors of j?
5, 31
Let a = 844 + 1261. List the prime factors of 1*5 - -12*a/15.
3, 563
Let g(b) = 5*b**2 - 6. Let h(r) be the third derivative of r**6/120 + r**5/12 - 7*r**4/24 - r**3/3 + 4*r**2. Let d be h(-6). List the prime factors of g(d).
2, 37
Let q = 57305 - 39167. What are the prime factors of q?
2, 3, 3023
Let l(b) = 1501*b + 4. Let i(v) = 501*v + 1. Let d(y) = 8*i(y) - 3*l(y). Let z be d(-3). Suppose a = -5*r + z, 3 + 0 = 3*a. List the prime factors of r.
2, 37
Suppose 11*u + 12 = 23*u. What are the prime factors of 7*u/14 - (-231)/2?
2, 29
Let b(x) be the first derivative of -9*x**2/2 + x + 22. Let a be b(-6). Let k = a - -59. List the prime factors of k.
2, 3, 19
Let j = 2480 + 1540. List the prime factors of j.
2, 3, 5, 67
Suppose 5*u - r + 4130 = -6*r, -2*u + r = 1664. Let x = u + 2111. List the prime factors of x.
3, 7, 61
Let t(s) = 3*s**2 - 14*s - 24. Let l be t(-4). Suppose 11*r - l = 30. Let d(w) = 2*w**2 - 8*w - 24. What are the prime factors of d(r)?
2, 3
Suppose 4*r = -j + 17451 + 32068, 0 = -3*r + j + 37141. List the prime factors of r.
2, 5, 619
Let i(k) = 1986*k**2 - 118*k - 86. List the prime factors of i(-4).
2, 13, 1237
Suppose -11 + 11 = -7*p. Suppose p = -17*k + 12*k + 25. Suppose -k*x - 7*l = -3*l - 677, 133 = x + 2*l. What are the prime factors of x?
137
Suppose 4*k - 1329 = -1313. Suppose -3*c - 5*g = -533, c - 913 = -k*c + 4*g. What are the prime factors of c?
181
Suppose 3*h - 583 - 2066 = 0. Let c(a) = 3*a**2 - 7*a - 65. Let k be c(-4). Suppose h = k*p - 162. List the prime factors of p.
5, 19
List the prime factors of (-4 - 74)/13 + 29740.
2, 14867
Suppose 5*g + 368 = 13*g. Let w = 36 - g. Let x = 127 - w. What are the prime factors of x?
137
Let j be (5/15)/(4/6948). Let g = 861 - j. List the prime factors of g.
2, 3, 47
List the prime factors of 142*((-222)/(-4))/(186/496).
2, 37, 71
Suppose 534*q - 538*q = -123940. What are the prime factors of q?
5, 6197
Suppose -2036 = 7*m - 6957. Suppose -3*c + 4*n + m = 0, 343 = 4*c + n - 607. List the prime factors of c.
3, 79
Let l = -190 - -172. What are the prime factors of (-5408)/l + (-116)/261?
2, 3, 5
Let v be 297/108 + 3/(-4). Suppose v*m + 38*m - 46720 = 0. List the prime factors of m.
2, 73
Let o(k) be the first derivative of k**3/3 - 4*k**2 - 53*k + 12. What are the prime factors of o(-17)?
2, 3, 31
Let t(l) = -l**3 + 39*l**2 - 106*l - 69. Let h be t(36). List the prime factors of (1/h)/((-3)/(-1746))*2.
2, 97
Suppose 2 + 8 = -5*j, 3*p - 5*j - 37 = 0. Suppose -p = -3*v + 39. Suppose w + v*w = 3842. What are the prime factors of w?
2, 113
Let q(w) = -w**3 + 13*w - 7. Let z(g) = -9*g - g**2 - 392 + 374 + 2*g. Let o be z(-4). List the prime factors of q(o).
131
Let w(o) = o**2 + o**3 + 4*o - 6*o**2 + 166 - 163. Let t be w(4). Suppose -t*i + 310 = -5*j, -2*j = -3*i - 6*j + 265. List the prime factors of i.
5, 19
Suppose 0 = -l + 2*g + 37730, 5*g = -5*l - 49247 + 237972. What are the prime factors of l?
2, 3, 5, 17, 37
Let o = -19629 - -35665. What are the prime factors of o?
2, 19, 211
Let a = -782 - -1422. List the prime factors of a.
2, 5
Suppose v + 0*v = g - 9924, v = 4*g - 39687. What are the prime factors of g?
3, 3307
Suppose 4*d - 5*x - 167 = 0, -2*d + 7*d - 193 = x. Let l = -26 + d. Suppose 8*z = l*z - 656. List the prime factors of z.
2, 41
Let h(q) = -136*q - 204. List the prime factors of h(-11).
2, 17, 19
Let d = -84 + 86. Let k(v) = 4*v**2 - 4 + 88 - 10*v + 5*v - 3*v**d. What are the prime factors of k(0)?
2, 3, 7
Suppose 5*k + 3*h = h + 14, -8 = -4*h. Suppose 0 = s - d - 31, -k*s - 9*d + 6*d + 82 = 0. What are the prime factors of s?
5, 7
Let j = 96 + 551. Suppose -1517 = -3*o + h + j, -o + 718 = -2*h. List the prime factors of o.
2, 19
Let y = 58 - 173. Let v = 672 + y. What are the prime factors of v?
557
Suppose 14*g + 49 = -h + 9*g, -5*h = -2*g + 110. Let d(v) = -27 - 3*v + 3*v - 6*v. List the prime factors of d(h).
3, 13
Let h(w) = w**3 - 14*w**2 + 20*w - 11. Let q be h(13). Let d = -54 + q. Suppose -o + 32 + d = 0. List the prime factors of o.
2, 29
Let o(g) = -11*g - 5. Let i be o(-4). List the prime factors of (4 - 2)/(i/12 - 3).
2
Suppose -21*a + 18*a + 9 = 0. Suppose 10*v - a*v = 1358. Suppose -4*s + 2*d = -v, 5*d - 229 = -5*s + 3*d. What are the prime factors of s?
47
Suppose -73*g + 277930 + 124536 = -368195. What are the prime factors of g?
3, 17, 23
Suppose 21 - 16 = -5*h. Let j(l) = -284*l**3 + 2*l**2 + 6*l + 5. List the prime factors of j(h).
3, 5, 19
List the prime factors of 18/126 + (-418578)/(-7).
59797
Let g = 2350 + 235. Suppose -4*k + 539 + g = 0. What are the prime factors of k?
11, 71
Suppose -528*s + 527*s = -6325. What are the prime factors of s?
5, 11, 23
Suppose -6*p = -58 + 4. What are the prime factors of 330/45 - 3/p?
7
Suppose 236*o - 196*o = 688720. List the prime factors of o.
2, 8609
Suppose -5*p + 27242 = -3*w, -4*w - 16344 = -3*p - w. Suppose 23*c - p = 7086. What are the prime factors of c?
5, 109
Suppose -46*v + 41*v = 5*n - 42675, -2*n = -4*v + 34110. What are the prime factors of v?
2, 5, 853
Let b(l) = -l**2 + 4*l - 183. Let m be b(0). Let z = 248 + m. List the prime factors of z.
5, 13
Let v = 7502 - 3826. What are the prime factors of v?
2, 919
Suppose 5*b - 5*d - 29 = 96, 5*b + 5*d - 125 = 0. What are the prime factors of ((-210)/b)/((-1)/5)?
2, 3, 7
Suppose -4*t = 3*h + 49, -3*t + 0*h = -h + 53. List the prime factors of (t/5)/(4/(-770)).
2, 7, 11
Let j = 6881 + -2255. List the prime factors of j.
2, 3, 257
Let b = -511 - -882. Let r = 543 - 394. Let k = b - r. What are the prime factors of k?
2, 3, 37
Let w be ((-30)/100 - (-1)/(-5))*-862. Let g = w + 366. What are the prime factors of g?
797
Suppose 70*f - 68*f = -2*r + 115554, -3*r + 115560 = 2*f. List the prime factors of f.
3, 7, 131
Suppose 0 = 3*o - 18, 886 = 2*s + 2*o + 48. What are the prime factors of s?
7, 59
Let u(s) = s**3 - 6*s**2 - 4*s - 19. Suppose 13*c - 4*c = 0. Suppose -64 = -8*w - c*w. What are the prime factors of u(w)?
7, 11
Let y(j) = 34*j**3 - 5*j**2 - j + 8. Let f be y(4). Suppose -4*v = -2*w - f, -w - 304 = -4*v + 1800. List the prime factors of v.
17, 31
Let r = -5663 - -9788. Suppose -16*v + r = -v. What are the prime factors of v?
5, 11
Let h(q) = 5*q - 36. Let f be h(7). List the prime factors of (f/(-3))/((-8)/(-2112)).
2, 11
Suppose -3*d + 4*b = 8744, 7938 + 3727 = -4*d - b. Let g = -1853 - d. List the prime factors of g.
1063
Suppose 5*x + 462 = 4*f, 5*f = 2*f - 4*x + 362. Let j = 261 + -315. Let c = j + f. List the prime factors of c.
2
Suppose 8*w + 5*u - 162 = 5*w, 0 = 4*w + 4*u - 224. Suppose 32*a + 36477 = w*a. List the prime factors of a.
7, 193
Suppose -52212 - 489905 - 367671 = -58*b. List the prime factors of b.
2, 11, 23, 31
Let j(i) be the first derivative of 2*i**3/3 - 15*i**2/2 + 64*i + 9. What are the prime factors of j(17)?
3, 43
Let q(l) = -4*l**2 + 117*l + 11. Let f be q(24). Let m = f + -304. What are the prime factors of m?
211
Suppose -4*s = n - 64064, 82 = 5*n + 62. What are the prime factors of s?
5, 3203
Suppose -5*n - 4*u = -92795, 5430 = -n - u + 23989. What are the prime factors of n?